ite?
False
Is 22813909 composite?
True
Is 2578019 composite?
False
Is 571129279 a composite number?
True
Is 11677069 a prime number?
False
Is 5375541 a prime number?
False
Is 109835599 a composite number?
True
Is 116498066 prime?
False
Is 65601311 a composite number?
False
Is 34228927 composite?
False
Is 116142911 a prime number?
True
Is 3049357 a prime number?
False
Is 58902553 composite?
True
Is 16812641 a composite number?
True
Is 258205267 a composite number?
False
Is 3706111 prime?
True
Is 4295119 composite?
True
Is 6563087 a composite number?
False
Is 388409 a prime number?
False
Is 6330769 composite?
True
Is 31877 composite?
True
Is 43542409 a composite number?
False
Is 640926881 a prime number?
False
Is 4558973 composite?
False
Is 2276567 a composite number?
False
Is 46588697 a composite number?
False
Is 16153 a composite number?
True
Is 67502747 prime?
False
Is 5654689 composite?
False
Is 52394439 a prime number?
False
Is 15241417 a prime number?
True
Is 51400217 composite?
True
Is 94165607 composite?
False
Is 1332277 a composite number?
False
Is 32567 prime?
False
Is 207725291 a prime number?
False
Is 922289261 prime?
True
Is 380390365 a prime number?
False
Is 220155763 prime?
False
Is 5184317 a composite number?
False
Is 32963207 prime?
True
Is 1902737 composite?
False
Is 5312677 composite?
True
Is 248764027 prime?
True
Is 4562489 a composite number?
True
Is 121778477 a prime number?
True
Is 5046539 a composite number?
False
Is 276143201 a composite number?
False
Is 2572211 a prime number?
True
Is 163124867 prime?
True
Is 40133671 a prime number?
False
Is 3345605 prime?
False
Is 269611453 a prime number?
True
Is 122261707 a prime number?
True
Is 73850529 a composite number?
True
Is 333225197 a composite number?
False
Is 676817 a composite number?
True
Is 1123939 a composite number?
True
Is 2048513 a composite number?
True
Is 7265877 prime?
False
Is 5459489 a composite number?
True
Is 7826649 prime?
False
Is 7118663 composite?
False
Is 1150313 prime?
False
Is 79219853 composite?
True
Is 85966747 composite?
True
Is 5842657 a prime number?
True
Is 69625313 prime?
True
Is 20042159 a prime number?
False
Is 8919663 a prime number?
False
Is 31152731 a composite number?
False
Is 51950981 prime?
False
Is 6586747 a composite number?
True
Is 20837381 composite?
False
Is 1892918 a prime number?
False
Is 78809701 a composite number?
True
Is 1067137 composite?
False
Is 9214847 a prime number?
True
Is 9051059 prime?
True
Is 394498367 prime?
False
Is 8384927 prime?
False
Is 273077071 a prime number?
True
Is 42062159 prime?
False
Is 3642551 a prime number?
False
Is 60002035 a composite number?
True
Is 42470333 composite?
True
Is 2536423 a prime number?
True
Is 19947881 a composite number?
True
Is 10569103 composite?
True
Is 261167327 a composite number?
True
Is 1987411 composite?
False
Is 3128327 composite?
True
Is 5540069 composite?
False
Is 27299651 prime?
True
Is 187211 composite?
False
Is 245770747 composite?
True
Is 5843569 a prime number?
False
Is 202191337 prime?
True
Is 10025251 a prime number?
True
Is 12997111 composite?
False
Is 2673397 composite?
False
Is 8420573 prime?
False
Is 7520929 composite?
True
Is 27751079 prime?
True
Is 947328215 prime?
False
Is 53846209 prime?
False
Is 7180169 a prime number?
True
Is 2442899 a composite number?
True
Is 46710601 a composite number?
True
Is 182103931 prime?
True
Is 3599527 a prime number?
True
Is 4605661 composite?
True
Is 74811235 a prime number?
False
Is 18130459 composite?
False
Is 521981 prime?
True
Is 163968914 composite?
True
Is 244529 a composite number?
False
Is 11197951 a prime number?
False
Is 3379351 a prime number?
True
Is 115086149 a prime number?
True
Is 3563467 composite?
False
Is 4100071 a composite number?
True
Is 197568457 prime?
False
Is 4659569 a composite number?
False
Is 29090023 a composite number?
False
Is 5849149 composite?
False
Is 4054207 prime?
True
Is 18946871 a composite number?
True
Is 3141043 a composite number?
False
Is 2796289 a composite number?
True
Is 76727303 a composite number?
False
Is 1166383 a prime number?
True
Is 667153 a composite number?
True
Is 466921291 a composite number?
True
Is 63717151 prime?
True
Is 372368991 prime?
False
Is 966677 a prime number?
True
Is 311533 prime?
True
Is 116569 a composite number?
True
Is 2064467 a composite number?
True
Is 7519879 a composite number?
True
Is 183556943 prime?
False
Is 465118399 a prime number?
False
Is 1265677 a prime number?
False
Is 416972579 a composite number?
True
Is 8529379 a prime number?
False
Is 8937197 composite?
True
Is 1687919 composite?
True
Is 1173481 composite?
False
Is 9618431 composite?
False
Is 816709483 a prime number?
True
Is 1913627 composite?
False
Is 208841533 a composite number?
True
Is 1231043 a composite number?
True
Is 800957005 a composite number?
True
Is 10580959 prime?
True
Is 1624728185 composite?
True
Is 600043 composite?
False
Is 2349631 a prime number?
False
Is 157330777 composite?
True
Is 3367073 a composite number?
True
Is 34437433 a composite number?
True
Is 181913327 a prime number?
False
Is 18941161 prime?
False
Is 71387851 a composite number?
False
Is 18906269 a composite number?
True
Is 630101 composite?
False
Is 5354849 a prime number?
True
Is 445206871 prime?
False
Is 21206483 composite?
True
Is 20081863 a composite number?
False
Is 171343579 prime?
False
Is 1226477 prime?
False
Is 97609 a composite number?
False
Is 1071401 prime?
True
Is 51684833 prime?
True
Is 14925559 prime?
False
Is 301341 a prime number?
False
Is 17848291 a composite number?
True
Is 566111573 prime?
True
Is 147569 a composite number?
True
Is 20171 prime?
False
Is 19632793 prime?
False
Is 21162629 prime?
False
Is 2170729 prime?
False
Is 106915043 composite?
False
Is 93994867 prime?
True
Is 328164839 composite?
False
Is 9847479 composite?
True
Is 177181 a prime number?
False
Is 6692339 a prime number?
False
Is 10940159 composite?
False
Is 7423653 prime?
False
Is 5693393 composite?
True
Is 11599 composite?
True
Is 49697707 a composite number?
False
Is 141688363 prime?
True
Is 108497869 a composite number?
True
Is 6687799 a prime number?
False
Is 190197967 composite?
True
Is 30828817 prime?
True
Is 2786951 composite?
True
Is 459961 a composite number?
False
Is 15732163 a prime number?
True
Is 3684811 a composite number?
True
Is 8539807 a composite number?
False
Is 318993659 a composite number?
False
Is 19837201 a prime number?
False
Is 19757126 a prime number?
False
Is 265477 composite?
True
Is 2308607 prime?
False
Is 49810745 a composite number?
True
Is 6417685 a prime number?
False
Is 1844137 a composite number?
True
Is 6418913 a composite number?
False
Is 344417 a composite number?
False
Is 16821067 a composite number?
True
Is 9875209 composite?
False
Is 771349 a prime number?
True
Is 17514857 a composite number?
True
Is 34304703 a composite number?
True
Is 4986703 a composite number?
True
Is 141512509 a prime number?
False
Is 225755357 composite?
False
Is 7158791 prime?
True
Is 328311391 composite?
False
Is 13740611 composite?
True
Is 4540787 prime?
False
Is 358031 a prime number?
True
Is 496433 prime?
False
Is 18430549 a composite number?
True
Is 473154037 a prime number?
True
Is 81025559 a prime number?
True
Is 3708241 a prime number?
True
Is 128309703 a prime number?
False
Is 27652037 prime?
False
Is 1643099 a composite number?
False
Is 799709 prime?
False
Is 103267787 a prime number?
False
Is 29203151 prime?
True
Is 10047313 a prime number?
False
Is 222466753 prime?
True
Is 467323921 composite?
False
Is 37480259 composite?
False
Is 29511013 prime?
False
Is 2232985 a composite number?
True
Is 171719741 composite?
True
Is 17734459 composite?
False
Is 141280801 a prime number?
False
Is 211919029 a composite number?
True
Is 754753 prime?
False
Is 3281153 prime?
False
Is 1531118467 prime?
True
Is 115596961 composite?
False
Is 2432977 a composite number?
False
Is 312470701 a prime number?
True
Is 10616899 a composite number?
True
Is 5312777 a composite number?
False
Is 16560259 prime?
True
Is 960931 composite?
False
Is 2069537 composite?
True
Is 16541993 composite?
True
Is 32545777 composite?
True
Is 19840687 composite?
False
Is 552913 prime?
True
Is 1601329 prime?
False
Is 239646479 a pri